{"id":2,"date":"2023-11-25T12:09:18","date_gmt":"2023-11-25T12:09:18","guid":{"rendered":"https:\/\/pcdobra.cz\/?page_id=2"},"modified":"2023-11-30T16:48:56","modified_gmt":"2023-11-30T15:48:56","slug":"servis-pocitacu-a-notebooku","status":"publish","type":"page","link":"https:\/\/pcdobra.cz\/","title":{"rendered":"Servis Po\u010d\u00edta\u010d\u016f"},"content":{"rendered":"\n<h2 class=\"wp-block-heading\" id=\"h-servis-pocitacu-a-notebooku-u-frydku-mistku\">Servis po\u010d\u00edta\u010d\u016f a notebook\u016f u Fr\u00fddku-M\u00edstku<\/h2>\n\n\n\n<p>Jsme v\u00e1\u0161 partner v oblasti IT, specializujeme se na poskytov\u00e1n\u00ed kvalitn\u00edch a profesion\u00e1ln\u00edch slu\u017eeb v oblasti po\u010d\u00edta\u010dov\u00fdch oprav, instalac\u00ed a \u00fadr\u017eby. S na\u0161\u00ed bohatou zku\u0161enost\u00ed a odborn\u00fdm p\u0159\u00edstupem v\u00e1m nab\u00edz\u00edme komplexn\u00ed \u0159e\u0161en\u00ed pro va\u0161e po\u010d\u00edta\u010dov\u00e9 pot\u0159eby. Servisn\u00ed pr\u00e1ce prov\u00e1d\u00edme pro region Fr\u00fddek-M\u00edstek.<\/p>\n\n\n\n<p>Servis a \u00fadr\u017eba notebook\u016f a po\u010d\u00edta\u010d\u016f maj\u00ed pro n\u00e1s absolutn\u00ed prioritu. Kladechom d\u016fraz na precizn\u00ed diagnostiku, co\u017e n\u00e1m umo\u017e\u0148uje rychle a efektivn\u011b \u0159e\u0161it ve\u0161ker\u00e9 opravy. Od jednoduch\u00fdch probl\u00e9m\u016f a\u017e po slo\u017eit\u00e9 z\u00e1vady, jako je nap\u0159\u00edklad nefunk\u010dn\u00ed nap\u00e1jen\u00ed na z\u00e1kladn\u00ed desce nebo p\u0159ekuli\u010dkov\u00e1n\u00ed grafick\u00fdch chip\u016f.<\/p>\n\n\n\n<p>Ka\u017ed\u00fd prodej nebo servisn\u00ed zak\u00e1zku \u0159e\u0161\u00edme individu\u00e1ln\u011b s maxim\u00e1ln\u00ed zodpov\u011bdnost\u00ed a citlivost\u00ed, abychom co nejv\u00edce vyhov\u011bli pot\u0159eb\u00e1m na\u0161ich z\u00e1kazn\u00edk\u016f.<\/p>\n","protected":false},"excerpt":{"rendered":"<p>Servis po\u010d\u00edta\u010d\u016f a notebook\u016f u Fr\u00fddku-M\u00edstku Jsme v\u00e1\u0161 partner v oblasti IT, specializujeme se na poskytov\u00e1n\u00ed kvalitn\u00edch a profesion\u00e1ln\u00edch slu\u017eeb v oblasti po\u010d\u00edta\u010dov\u00fdch oprav, instalac\u00ed a \u00fadr\u017eby. S na\u0161\u00ed bohatou &#8230;<\/p>\n","protected":false},"author":1,"featured_media":0,"parent":0,"menu_order":0,"comment_status":"closed","ping_status":"open","template":"template-frontpage.php","meta":{"footnotes":""},"class_list":["post-2","page","type-page","status-publish","hentry"],"yoast_head":"<!-- This site is optimized with the Yoast SEO Premium plugin v21.6 (Yoast SEO v27.4) - https:\/\/yoast.com\/product\/yoast-seo-premium-wordpress\/ -->\n<title>Servis Po\u010d\u00edta\u010d\u016f | Servis po\u010d\u00edta\u010d\u016f a notebook\u016f<\/title>\n<meta name=\"description\" content=\"Jsme po\u010d\u00edta\u010dov\u00fd servis, zab\u00fdvaj\u00edc\u00ed se individu\u00e1ln\u00ed opravou po\u010d\u00edta\u010d\u016f a notebook\u016f. P\u016fsob\u00edme v okol\u00ed Fr\u00fddku-M\u00edstku. Va\u0161e spokojenost je n\u00e1\u0161 c\u00edl.\" \/>\n<meta name=\"robots\" content=\"index, follow, max-snippet:-1, max-image-preview:large, max-video-preview:-1\" \/>\n<link rel=\"canonical\" href=\"https:\/\/pcdobra.cz\/\" \/>\n<meta property=\"og:locale\" content=\"cs_CZ\" \/>\n<meta property=\"og:type\" content=\"article\" \/>\n<meta property=\"og:title\" content=\"Servis Po\u010d\u00edta\u010d\u016f\" \/>\n<meta property=\"og:description\" content=\"Jsme po\u010d\u00edta\u010dov\u00fd servis, zab\u00fdvaj\u00edc\u00ed se individu\u00e1ln\u00ed opravou po\u010d\u00edta\u010d\u016f a notebook\u016f. P\u016fsob\u00edme v okol\u00ed Fr\u00fddku-M\u00edstku. Va\u0161e spokojenost je n\u00e1\u0161 c\u00edl.\" \/>\n<meta property=\"og:url\" content=\"https:\/\/pcdobra.cz\/\" \/>\n<meta property=\"og:site_name\" content=\"Servis po\u010d\u00edta\u010d\u016f a notebook\u016f\" \/>\n<meta property=\"article:modified_time\" content=\"2023-11-30T15:48:56+00:00\" \/>\n<meta name=\"twitter:card\" content=\"summary_large_image\" \/>\n<meta name=\"twitter:label1\" content=\"Odhadovan\u00e1 doba \u010dten\u00ed\" \/>\n\t<meta name=\"twitter:data1\" content=\"1 minuta\" \/>\n<script type=\"application\/ld+json\" class=\"yoast-schema-graph\">{\"@context\":\"https:\\\/\\\/schema.org\",\"@graph\":[{\"@type\":\"WebPage\",\"@id\":\"https:\\\/\\\/pcdobra.cz\\\/\",\"url\":\"https:\\\/\\\/pcdobra.cz\\\/\",\"name\":\"Servis Po\u010d\u00edta\u010d\u016f | Servis po\u010d\u00edta\u010d\u016f a notebook\u016f\",\"isPartOf\":{\"@id\":\"https:\\\/\\\/pcdobra.cz\\\/#website\"},\"datePublished\":\"2023-11-25T12:09:18+00:00\",\"dateModified\":\"2023-11-30T15:48:56+00:00\",\"description\":\"Jsme po\u010d\u00edta\u010dov\u00fd servis, zab\u00fdvaj\u00edc\u00ed se individu\u00e1ln\u00ed opravou po\u010d\u00edta\u010d\u016f a notebook\u016f. P\u016fsob\u00edme v okol\u00ed Fr\u00fddku-M\u00edstku. Va\u0161e spokojenost je n\u00e1\u0161 c\u00edl.\",\"breadcrumb\":{\"@id\":\"https:\\\/\\\/pcdobra.cz\\\/#breadcrumb\"},\"inLanguage\":\"cs\",\"potentialAction\":[{\"@type\":\"ReadAction\",\"target\":[\"https:\\\/\\\/pcdobra.cz\\\/\"]}]},{\"@type\":\"BreadcrumbList\",\"@id\":\"https:\\\/\\\/pcdobra.cz\\\/#breadcrumb\",\"itemListElement\":[{\"@type\":\"ListItem\",\"position\":1,\"name\":\"Dom\u016f\",\"item\":\"https:\\\/\\\/pcdobra.cz\\\/\"},{\"@type\":\"ListItem\",\"position\":2,\"name\":\"Servis Po\u010d\u00edta\u010d\u016f\"}]},{\"@type\":\"WebSite\",\"@id\":\"https:\\\/\\\/pcdobra.cz\\\/#website\",\"url\":\"https:\\\/\\\/pcdobra.cz\\\/\",\"name\":\"Servis po\u010d\u00edta\u010d\u016f a notebook\u016f\",\"description\":\"Ing. Radim B\u00fcrger\",\"publisher\":{\"@id\":\"https:\\\/\\\/pcdobra.cz\\\/#\\\/schema\\\/person\\\/7238c0a9b66c801a9211e312dfc0f87d\"},\"alternateName\":\"Oprava po\u010d\u00edta\u010d\u016f\",\"potentialAction\":[{\"@type\":\"SearchAction\",\"target\":{\"@type\":\"EntryPoint\",\"urlTemplate\":\"https:\\\/\\\/pcdobra.cz\\\/?s={search_term_string}\"},\"query-input\":{\"@type\":\"PropertyValueSpecification\",\"valueRequired\":true,\"valueName\":\"search_term_string\"}}],\"inLanguage\":\"cs\"},{\"@type\":[\"Person\",\"Organization\"],\"@id\":\"https:\\\/\\\/pcdobra.cz\\\/#\\\/schema\\\/person\\\/7238c0a9b66c801a9211e312dfc0f87d\",\"name\":\"Radim B\u00fcrger\",\"image\":{\"@type\":\"ImageObject\",\"inLanguage\":\"cs\",\"@id\":\"https:\\\/\\\/pcdobra.cz\\\/wp-content\\\/uploads\\\/2024\\\/01\\\/web_logo2.png\",\"url\":\"https:\\\/\\\/pcdobra.cz\\\/wp-content\\\/uploads\\\/2024\\\/01\\\/web_logo2.png\",\"contentUrl\":\"https:\\\/\\\/pcdobra.cz\\\/wp-content\\\/uploads\\\/2024\\\/01\\\/web_logo2.png\",\"width\":292,\"height\":56,\"caption\":\"Radim B\u00fcrger\"},\"logo\":{\"@id\":\"https:\\\/\\\/pcdobra.cz\\\/wp-content\\\/uploads\\\/2024\\\/01\\\/web_logo2.png\"},\"sameAs\":[\"https:\\\/\\\/pcdobra.cz\"],\"publishingPrinciples\":\"https:\\\/\\\/pcdobra.cz\\\/\",\"ownershipFundingInfo\":\"https:\\\/\\\/pcdobra.cz\\\/index.php\\\/cenik-sluzeb\\\/\",\"actionableFeedbackPolicy\":\"https:\\\/\\\/pcdobra.cz\\\/index.php\\\/kontakt\\\/\"}]}<\/script>\n<!-- \/ Yoast SEO Premium plugin. -->","yoast_head_json":{"title":"Servis Po\u010d\u00edta\u010d\u016f | Servis po\u010d\u00edta\u010d\u016f a notebook\u016f","description":"Jsme po\u010d\u00edta\u010dov\u00fd servis, zab\u00fdvaj\u00edc\u00ed se individu\u00e1ln\u00ed opravou po\u010d\u00edta\u010d\u016f a notebook\u016f. P\u016fsob\u00edme v okol\u00ed Fr\u00fddku-M\u00edstku. Va\u0161e spokojenost je n\u00e1\u0161 c\u00edl.","robots":{"index":"index","follow":"follow","max-snippet":"max-snippet:-1","max-image-preview":"max-image-preview:large","max-video-preview":"max-video-preview:-1"},"canonical":"https:\/\/pcdobra.cz\/","og_locale":"cs_CZ","og_type":"article","og_title":"Servis Po\u010d\u00edta\u010d\u016f","og_description":"Jsme po\u010d\u00edta\u010dov\u00fd servis, zab\u00fdvaj\u00edc\u00ed se individu\u00e1ln\u00ed opravou po\u010d\u00edta\u010d\u016f a notebook\u016f. P\u016fsob\u00edme v okol\u00ed Fr\u00fddku-M\u00edstku. Va\u0161e spokojenost je n\u00e1\u0161 c\u00edl.","og_url":"https:\/\/pcdobra.cz\/","og_site_name":"Servis po\u010d\u00edta\u010d\u016f a notebook\u016f","article_modified_time":"2023-11-30T15:48:56+00:00","twitter_card":"summary_large_image","twitter_misc":{"Odhadovan\u00e1 doba \u010dten\u00ed":"1 minuta"},"schema":{"@context":"https:\/\/schema.org","@graph":[{"@type":"WebPage","@id":"https:\/\/pcdobra.cz\/","url":"https:\/\/pcdobra.cz\/","name":"Servis Po\u010d\u00edta\u010d\u016f | Servis po\u010d\u00edta\u010d\u016f a notebook\u016f","isPartOf":{"@id":"https:\/\/pcdobra.cz\/#website"},"datePublished":"2023-11-25T12:09:18+00:00","dateModified":"2023-11-30T15:48:56+00:00","description":"Jsme po\u010d\u00edta\u010dov\u00fd servis, zab\u00fdvaj\u00edc\u00ed se individu\u00e1ln\u00ed opravou po\u010d\u00edta\u010d\u016f a notebook\u016f. P\u016fsob\u00edme v okol\u00ed Fr\u00fddku-M\u00edstku. Va\u0161e spokojenost je n\u00e1\u0161 c\u00edl.","breadcrumb":{"@id":"https:\/\/pcdobra.cz\/#breadcrumb"},"inLanguage":"cs","potentialAction":[{"@type":"ReadAction","target":["https:\/\/pcdobra.cz\/"]}]},{"@type":"BreadcrumbList","@id":"https:\/\/pcdobra.cz\/#breadcrumb","itemListElement":[{"@type":"ListItem","position":1,"name":"Dom\u016f","item":"https:\/\/pcdobra.cz\/"},{"@type":"ListItem","position":2,"name":"Servis Po\u010d\u00edta\u010d\u016f"}]},{"@type":"WebSite","@id":"https:\/\/pcdobra.cz\/#website","url":"https:\/\/pcdobra.cz\/","name":"Servis po\u010d\u00edta\u010d\u016f a notebook\u016f","description":"Ing. Radim B\u00fcrger","publisher":{"@id":"https:\/\/pcdobra.cz\/#\/schema\/person\/7238c0a9b66c801a9211e312dfc0f87d"},"alternateName":"Oprava po\u010d\u00edta\u010d\u016f","potentialAction":[{"@type":"SearchAction","target":{"@type":"EntryPoint","urlTemplate":"https:\/\/pcdobra.cz\/?s={search_term_string}"},"query-input":{"@type":"PropertyValueSpecification","valueRequired":true,"valueName":"search_term_string"}}],"inLanguage":"cs"},{"@type":["Person","Organization"],"@id":"https:\/\/pcdobra.cz\/#\/schema\/person\/7238c0a9b66c801a9211e312dfc0f87d","name":"Radim B\u00fcrger","image":{"@type":"ImageObject","inLanguage":"cs","@id":"https:\/\/pcdobra.cz\/wp-content\/uploads\/2024\/01\/web_logo2.png","url":"https:\/\/pcdobra.cz\/wp-content\/uploads\/2024\/01\/web_logo2.png","contentUrl":"https:\/\/pcdobra.cz\/wp-content\/uploads\/2024\/01\/web_logo2.png","width":292,"height":56,"caption":"Radim B\u00fcrger"},"logo":{"@id":"https:\/\/pcdobra.cz\/wp-content\/uploads\/2024\/01\/web_logo2.png"},"sameAs":["https:\/\/pcdobra.cz"],"publishingPrinciples":"https:\/\/pcdobra.cz\/","ownershipFundingInfo":"https:\/\/pcdobra.cz\/index.php\/cenik-sluzeb\/","actionableFeedbackPolicy":"https:\/\/pcdobra.cz\/index.php\/kontakt\/"}]}},"_links":{"self":[{"href":"https:\/\/pcdobra.cz\/index.php\/wp-json\/wp\/v2\/pages\/2","targetHints":{"allow":["GET"]}}],"collection":[{"href":"https:\/\/pcdobra.cz\/index.php\/wp-json\/wp\/v2\/pages"}],"about":[{"href":"https:\/\/pcdobra.cz\/index.php\/wp-json\/wp\/v2\/types\/page"}],"author":[{"embeddable":true,"href":"https:\/\/pcdobra.cz\/index.php\/wp-json\/wp\/v2\/users\/1"}],"replies":[{"embeddable":true,"href":"https:\/\/pcdobra.cz\/index.php\/wp-json\/wp\/v2\/comments?post=2"}],"version-history":[{"count":8,"href":"https:\/\/pcdobra.cz\/index.php\/wp-json\/wp\/v2\/pages\/2\/revisions"}],"predecessor-version":[{"id":745,"href":"https:\/\/pcdobra.cz\/index.php\/wp-json\/wp\/v2\/pages\/2\/revisions\/745"}],"wp:attachment":[{"href":"https:\/\/pcdobra.cz\/index.php\/wp-json\/wp\/v2\/media?parent=2"}],"curies":[{"name":"wp","href":"https:\/\/api.w.org\/{rel}","templated":true}]}}