{"id":374,"date":"2023-11-25T20:01:31","date_gmt":"2023-11-25T19:01:31","guid":{"rendered":"https:\/\/pcdobra.cz\/?page_id=374"},"modified":"2026-03-08T10:09:10","modified_gmt":"2026-03-08T09:09:10","slug":"vzdalena-podpora","status":"publish","type":"page","link":"https:\/\/pcdobra.cz\/index.php\/vzdalena-podpora\/","title":{"rendered":"vzdalena-podpora"},"content":{"rendered":"\t\t<div data-elementor-type=\"wp-page\" data-elementor-id=\"374\" class=\"elementor elementor-374\">\n\t\t\t\t<div class=\"elementor-element elementor-element-b5e57aa e-con-full e-flex e-con e-parent\" data-id=\"b5e57aa\" data-element_type=\"container\" data-e-type=\"container\" data-settings=\"{&quot;background_background&quot;:&quot;classic&quot;}\">\n\t\t<div class=\"elementor-element elementor-element-4335806 e-flex e-con-boxed e-con e-child\" data-id=\"4335806\" data-element_type=\"container\" data-e-type=\"container\">\n\t\t\t\t\t<div class=\"e-con-inner\">\n\t\t\t\t<div class=\"elementor-element elementor-element-9baaced elementor-widget elementor-widget-heading\" data-id=\"9baaced\" data-element_type=\"widget\" data-e-type=\"widget\" data-widget_type=\"heading.default\">\n\t\t\t\t<div class=\"elementor-widget-container\">\n\t\t\t\t\t<h1 class=\"elementor-heading-title elementor-size-xxl\">Vzd\u00e1len\u00e1 pomoc<\/h1>\t\t\t\t<\/div>\n\t\t\t\t<\/div>\n\t\t\t\t<div class=\"elementor-element elementor-element-f0aaec5 elementor-hidden-mobile elementor-widget elementor-widget-heading\" data-id=\"f0aaec5\" data-element_type=\"widget\" data-e-type=\"widget\" data-widget_type=\"heading.default\">\n\t\t\t\t<div class=\"elementor-widget-container\">\n\t\t\t\t\t<h3 class=\"elementor-heading-title elementor-size-large\">N\u011bkter\u00e9 probl\u00e9my lze vy\u0159e\u0161it i na d\u00e1lku pomoc\u00ed TS Plus.<\/h3>\t\t\t\t<\/div>\n\t\t\t\t<\/div>\n\t\t\t\t\t<\/div>\n\t\t\t\t<\/div>\n\t\t\t\t<\/div>\n\t\t<div class=\"elementor-element elementor-element-6313c86 e-flex e-con-boxed e-con e-parent\" data-id=\"6313c86\" data-element_type=\"container\" data-e-type=\"container\">\n\t\t\t\t\t<div class=\"e-con-inner\">\n\t\t\t\t<div class=\"elementor-element elementor-element-858bb8e elementor-widget elementor-widget-text-editor\" data-id=\"858bb8e\" data-element_type=\"widget\" data-e-type=\"widget\" data-widget_type=\"text-editor.default\">\n\t\t\t\t<div class=\"elementor-widget-container\">\n\t\t\t\t\t\t\t\t\t<p style=\"text-align: center;\">Abychom V\u00e1m mohli poskytnou pomoc na d\u00e1lku, je pot\u0159eba si nejprve st\u00e1hnout program Team Viewer.<\/p><p style=\"text-align: center;\">Po sta\u017een\u00ed programu postupujte pros\u00edm podle stru\u010dn\u00e9ho n\u00e1vodu n\u00ed\u017ee.<\/p>\t\t\t\t\t\t\t\t<\/div>\n\t\t\t\t<\/div>\n\t\t\t\t\t<\/div>\n\t\t\t\t<\/div>\n\t\t<div class=\"elementor-element elementor-element-cf31d1d e-flex e-con-boxed e-con e-parent\" data-id=\"cf31d1d\" data-element_type=\"container\" data-e-type=\"container\">\n\t\t\t\t\t<div class=\"e-con-inner\">\n\t\t\t\t<div class=\"elementor-element elementor-element-eea954d elementor-widget elementor-widget-spacer\" data-id=\"eea954d\" data-element_type=\"widget\" data-e-type=\"widget\" data-widget_type=\"spacer.default\">\n\t\t\t\t<div class=\"elementor-widget-container\">\n\t\t\t\t\t\t\t<div class=\"elementor-spacer\">\n\t\t\t<div class=\"elementor-spacer-inner\"><\/div>\n\t\t<\/div>\n\t\t\t\t\t\t<\/div>\n\t\t\t\t<\/div>\n\t\t\t\t<div class=\"elementor-element elementor-element-328cb13 elementor-align-center elementor-widget elementor-widget-button\" data-id=\"328cb13\" data-element_type=\"widget\" data-e-type=\"widget\" data-widget_type=\"button.default\">\n\t\t\t\t<div class=\"elementor-widget-container\">\n\t\t\t\t\t\t\t\t\t<div class=\"elementor-button-wrapper\">\n\t\t\t\t\t<a class=\"elementor-button elementor-button-link elementor-size-xl\" href=\"https:\/\/dl-files.com\/RemoteSupportUser.exe\">\n\t\t\t\t\t\t<span class=\"elementor-button-content-wrapper\">\n\t\t\t\t\t\t\t\t\t<span class=\"elementor-button-text\">PRO VZD\u00c1LENOU POMOC<\/BR><\/BR>KLIKN\u011aTE ZDE<\/span>\n\t\t\t\t\t<\/span>\n\t\t\t\t\t<\/a>\n\t\t\t\t<\/div>\n\t\t\t\t\t\t\t\t<\/div>\n\t\t\t\t<\/div>\n\t\t\t\t\t<\/div>\n\t\t\t\t<\/div>\n\t\t<div class=\"elementor-element elementor-element-7752254 e-flex e-con-boxed e-con e-parent\" data-id=\"7752254\" data-element_type=\"container\" data-e-type=\"container\">\n\t\t\t\t\t<div class=\"e-con-inner\">\n\t\t\t\t<div class=\"elementor-element elementor-element-710ea66 elementor-widget elementor-widget-heading\" data-id=\"710ea66\" data-element_type=\"widget\" data-e-type=\"widget\" data-widget_type=\"heading.default\">\n\t\t\t\t<div class=\"elementor-widget-container\">\n\t\t\t\t\t<h2 class=\"elementor-heading-title elementor-size-default\">N\u00e1vod na spu\u0161t\u011bn\u00ed vzd\u00e1len\u00e9 pomoci<\/h2>\t\t\t\t<\/div>\n\t\t\t\t<\/div>\n\t\t\t\t\t<\/div>\n\t\t\t\t<\/div>\n\t\t<div class=\"elementor-element elementor-element-29ad51b e-flex e-con-boxed e-con e-parent\" data-id=\"29ad51b\" data-element_type=\"container\" data-e-type=\"container\">\n\t\t\t\t\t<div class=\"e-con-inner\">\n\t\t\t\t<div class=\"elementor-element elementor-element-fc1b72a elementor-widget elementor-widget-text-editor\" data-id=\"fc1b72a\" data-element_type=\"widget\" data-e-type=\"widget\" data-widget_type=\"text-editor.default\">\n\t\t\t\t<div class=\"elementor-widget-container\">\n\t\t\t\t\t\t\t\t\t<p>Po kliknut\u00ed na odkaz v\u00fd\u0161e se V\u00e1m st\u00e1hne instala\u010dn\u00ed soubor programu TeamViewer. Pokud se V\u00e1m objev\u00ed tabulka s mo\u017enosti spustit, klikn\u011bte na spusti. V opa\u010dn\u00e9m p\u0159\u00edpad\u011b se V\u00e1m sta\u017een\u00fd soubor objev\u00ed vlevo dole nebo v pravo naho\u0159e, v z\u00e1vislosti na prohl\u00ed\u017ee\u010di, a ve sta\u017een\u00fdch souborech.<\/p>\t\t\t\t\t\t\t\t<\/div>\n\t\t\t\t<\/div>\n\t\t\t\t\t<\/div>\n\t\t\t\t<\/div>\n\t\t<div class=\"elementor-element elementor-element-a1c7a4a e-flex e-con-boxed e-con e-parent\" data-id=\"a1c7a4a\" data-element_type=\"container\" data-e-type=\"container\">\n\t\t\t\t\t<div class=\"e-con-inner\">\n\t\t\t\t<div class=\"elementor-element elementor-element-e64bf65 elementor-widget elementor-widget-image\" data-id=\"e64bf65\" data-element_type=\"widget\" data-e-type=\"widget\" data-widget_type=\"image.default\">\n\t\t\t\t<div class=\"elementor-widget-container\">\n\t\t\t\t\t\t\t\t\t\t\t\t\t\t\t<img fetchpriority=\"high\" decoding=\"async\" width=\"651\" height=\"334\" src=\"https:\/\/pcdobra.cz\/wp-content\/uploads\/2023\/11\/team_download.png\" class=\"attachment-large size-large wp-image-505\" alt=\"Sta\u017een\u00ed aplikace TeamViewer\" srcset=\"https:\/\/pcdobra.cz\/wp-content\/uploads\/2023\/11\/team_download.png 651w, https:\/\/pcdobra.cz\/wp-content\/uploads\/2023\/11\/team_download-300x154.png 300w\" sizes=\"(max-width: 651px) 100vw, 651px\" \/>\t\t\t\t\t\t\t\t\t\t\t\t\t\t\t<\/div>\n\t\t\t\t<\/div>\n\t\t\t\t\t<\/div>\n\t\t\t\t<\/div>\n\t\t<div class=\"elementor-element elementor-element-beaa7bd e-flex e-con-boxed e-con e-parent\" data-id=\"beaa7bd\" data-element_type=\"container\" data-e-type=\"container\">\n\t\t\t\t\t<div class=\"e-con-inner\">\n\t\t\t\t<div class=\"elementor-element elementor-element-c79a2e1 elementor-widget elementor-widget-text-editor\" data-id=\"c79a2e1\" data-element_type=\"widget\" data-e-type=\"widget\" data-widget_type=\"text-editor.default\">\n\t\t\t\t<div class=\"elementor-widget-container\">\n\t\t\t\t\t\t\t\t\t<p>Otev\u0159e ulo\u017een\u00fd soubor s n\u00e1zvem TeamViewerQS. Objev\u00ed se V\u00e1m dialogov\u00e9 okno, ve kter\u00e9m V\u00e1s po\u017e\u00e1d\u00e1 syst\u00e9m o potvrzen\u00ed spu\u0161t\u011bn\u00ed. Stisknete tla\u010d\u00edtko <span style=\"color: #c0141c;\"><strong>POVOLIT nebo ANO<\/strong><\/span>, podle obr\u00e1zku n\u00ed\u017ee:<\/p>\t\t\t\t\t\t\t\t<\/div>\n\t\t\t\t<\/div>\n\t\t\t\t\t<\/div>\n\t\t\t\t<\/div>\n\t\t<div class=\"elementor-element elementor-element-48e9f91 e-flex e-con-boxed e-con e-parent\" data-id=\"48e9f91\" data-element_type=\"container\" data-e-type=\"container\">\n\t\t\t\t\t<div class=\"e-con-inner\">\n\t\t\t\t<div class=\"elementor-element elementor-element-e720f1f elementor-widget elementor-widget-image\" data-id=\"e720f1f\" data-element_type=\"widget\" data-e-type=\"widget\" data-widget_type=\"image.default\">\n\t\t\t\t<div class=\"elementor-widget-container\">\n\t\t\t\t\t\t\t\t\t\t\t\t\t\t\t<img decoding=\"async\" width=\"452\" height=\"322\" src=\"https:\/\/pcdobra.cz\/wp-content\/uploads\/2023\/11\/team_ano.png\" class=\"attachment-large size-large wp-image-506\" alt=\"\u0158\u00edzen\u00ed u\u017eivatelsk\u00fdch \u00fa\u010dt\u016f TeamViewer\" srcset=\"https:\/\/pcdobra.cz\/wp-content\/uploads\/2023\/11\/team_ano.png 452w, https:\/\/pcdobra.cz\/wp-content\/uploads\/2023\/11\/team_ano-300x214.png 300w\" sizes=\"(max-width: 452px) 100vw, 452px\" \/>\t\t\t\t\t\t\t\t\t\t\t\t\t\t\t<\/div>\n\t\t\t\t<\/div>\n\t\t\t\t\t<\/div>\n\t\t\t\t<\/div>\n\t\t<div class=\"elementor-element elementor-element-9e5ca53 e-flex e-con-boxed e-con e-parent\" data-id=\"9e5ca53\" data-element_type=\"container\" data-e-type=\"container\">\n\t\t\t\t\t<div class=\"e-con-inner\">\n\t\t\t\t<div class=\"elementor-element elementor-element-fb82a50 elementor-widget elementor-widget-text-editor\" data-id=\"fb82a50\" data-element_type=\"widget\" data-e-type=\"widget\" data-widget_type=\"text-editor.default\">\n\t\t\t\t<div class=\"elementor-widget-container\">\n\t\t\t\t\t\t\t\t\t<p>N\u00e1sledn\u011b se V\u00e1m na obrazovce objev\u00ed dialogov\u00e9 okno viz obr\u00e1zek n\u00ed\u017ee. Telefonicky nadiktujete technikovi Va\u0161e ID a po vyzv\u00e1n\u00ed i heslo.<\/p>\t\t\t\t\t\t\t\t<\/div>\n\t\t\t\t<\/div>\n\t\t\t\t\t<\/div>\n\t\t\t\t<\/div>\n\t\t<div class=\"elementor-element elementor-element-0e68e1d e-flex e-con-boxed e-con e-parent\" data-id=\"0e68e1d\" data-element_type=\"container\" data-e-type=\"container\">\n\t\t\t\t\t<div class=\"e-con-inner\">\n\t\t\t\t<div class=\"elementor-element elementor-element-4a839d8 elementor-widget elementor-widget-image\" data-id=\"4a839d8\" data-element_type=\"widget\" data-e-type=\"widget\" data-widget_type=\"image.default\">\n\t\t\t\t<div class=\"elementor-widget-container\">\n\t\t\t\t\t\t\t\t\t\t\t\t\t\t\t<img decoding=\"async\" width=\"272\" height=\"386\" src=\"https:\/\/pcdobra.cz\/wp-content\/uploads\/2023\/11\/team_ID.png\" class=\"attachment-large size-large wp-image-507\" alt=\"Dialogov\u00e9 okno TeamViewer\" srcset=\"https:\/\/pcdobra.cz\/wp-content\/uploads\/2023\/11\/team_ID.png 272w, https:\/\/pcdobra.cz\/wp-content\/uploads\/2023\/11\/team_ID-211x300.png 211w\" sizes=\"(max-width: 272px) 100vw, 272px\" \/>\t\t\t\t\t\t\t\t\t\t\t\t\t\t\t<\/div>\n\t\t\t\t<\/div>\n\t\t\t\t\t<\/div>\n\t\t\t\t<\/div>\n\t\t\t\t<\/div>\n\t\t","protected":false},"excerpt":{"rendered":"<p>Vzd\u00e1len\u00e1 pomoc N\u011bkter\u00e9 probl\u00e9my lze vy\u0159e\u0161it i na d\u00e1lku pomoc\u00ed TS Plus. Abychom V\u00e1m mohli poskytnou pomoc na d\u00e1lku, je pot\u0159eba si nejprve st\u00e1hnout program Team Viewer. Po sta\u017een\u00ed programu &#8230;<\/p>\n","protected":false},"author":1,"featured_media":0,"parent":0,"menu_order":0,"comment_status":"closed","ping_status":"closed","template":"elementor_header_footer","meta":{"footnotes":""},"class_list":["post-374","page","type-page","status-publish","hentry"],"yoast_head":"<!-- This site is optimized with the Yoast SEO Premium plugin v21.6 (Yoast SEO v27.4) - https:\/\/yoast.com\/product\/yoast-seo-premium-wordpress\/ -->\n<title>vzdalena-podpora | Servis po\u010d\u00edta\u010d\u016f a notebook\u016f<\/title>\n<meta name=\"robots\" content=\"index, follow, max-snippet:-1, max-image-preview:large, max-video-preview:-1\" \/>\n<link rel=\"canonical\" href=\"https:\/\/pcdobra.cz\/index.php\/vzdalena-podpora\/\" \/>\n<meta property=\"og:locale\" content=\"cs_CZ\" \/>\n<meta property=\"og:type\" content=\"article\" \/>\n<meta property=\"og:title\" content=\"vzdalena-podpora\" \/>\n<meta property=\"og:description\" content=\"Vzd\u00e1len\u00e1 pomoc N\u011bkter\u00e9 probl\u00e9my lze vy\u0159e\u0161it i na d\u00e1lku pomoc\u00ed TS Plus. Abychom V\u00e1m mohli poskytnou pomoc na d\u00e1lku, je pot\u0159eba si nejprve st\u00e1hnout program Team Viewer. Po sta\u017een\u00ed programu ...\" \/>\n<meta property=\"og:url\" content=\"https:\/\/pcdobra.cz\/index.php\/vzdalena-podpora\/\" \/>\n<meta property=\"og:site_name\" content=\"Servis po\u010d\u00edta\u010d\u016f a notebook\u016f\" \/>\n<meta property=\"article:modified_time\" content=\"2026-03-08T09:09:10+00:00\" \/>\n<meta property=\"og:image\" content=\"https:\/\/pcdobra.cz\/wp-content\/uploads\/2023\/11\/team_download.png\" \/>\n\t<meta property=\"og:image:width\" content=\"651\" \/>\n\t<meta property=\"og:image:height\" content=\"334\" \/>\n\t<meta property=\"og:image:type\" content=\"image\/png\" \/>\n<meta name=\"twitter:card\" content=\"summary_large_image\" \/>\n<meta name=\"twitter:label1\" content=\"Odhadovan\u00e1 doba \u010dten\u00ed\" \/>\n\t<meta name=\"twitter:data1\" content=\"2 minuty\" \/>\n<script type=\"application\/ld+json\" class=\"yoast-schema-graph\">{\"@context\":\"https:\\\/\\\/schema.org\",\"@graph\":[{\"@type\":\"WebPage\",\"@id\":\"https:\\\/\\\/pcdobra.cz\\\/index.php\\\/vzdalena-podpora\\\/\",\"url\":\"https:\\\/\\\/pcdobra.cz\\\/index.php\\\/vzdalena-podpora\\\/\",\"name\":\"vzdalena-podpora | Servis po\u010d\u00edta\u010d\u016f a notebook\u016f\",\"isPartOf\":{\"@id\":\"https:\\\/\\\/pcdobra.cz\\\/#website\"},\"primaryImageOfPage\":{\"@id\":\"https:\\\/\\\/pcdobra.cz\\\/index.php\\\/vzdalena-podpora\\\/#primaryimage\"},\"image\":{\"@id\":\"https:\\\/\\\/pcdobra.cz\\\/index.php\\\/vzdalena-podpora\\\/#primaryimage\"},\"thumbnailUrl\":\"https:\\\/\\\/pcdobra.cz\\\/wp-content\\\/uploads\\\/2023\\\/11\\\/team_download.png\",\"datePublished\":\"2023-11-25T19:01:31+00:00\",\"dateModified\":\"2026-03-08T09:09:10+00:00\",\"breadcrumb\":{\"@id\":\"https:\\\/\\\/pcdobra.cz\\\/index.php\\\/vzdalena-podpora\\\/#breadcrumb\"},\"inLanguage\":\"cs\",\"potentialAction\":[{\"@type\":\"ReadAction\",\"target\":[\"https:\\\/\\\/pcdobra.cz\\\/index.php\\\/vzdalena-podpora\\\/\"]}]},{\"@type\":\"ImageObject\",\"inLanguage\":\"cs\",\"@id\":\"https:\\\/\\\/pcdobra.cz\\\/index.php\\\/vzdalena-podpora\\\/#primaryimage\",\"url\":\"https:\\\/\\\/pcdobra.cz\\\/wp-content\\\/uploads\\\/2023\\\/11\\\/team_download.png\",\"contentUrl\":\"https:\\\/\\\/pcdobra.cz\\\/wp-content\\\/uploads\\\/2023\\\/11\\\/team_download.png\",\"width\":651,\"height\":334,\"caption\":\"Sta\u017een\u00ed aplikace TeamViewer\"},{\"@type\":\"BreadcrumbList\",\"@id\":\"https:\\\/\\\/pcdobra.cz\\\/index.php\\\/vzdalena-podpora\\\/#breadcrumb\",\"itemListElement\":[{\"@type\":\"ListItem\",\"position\":1,\"name\":\"Dom\u016f\",\"item\":\"https:\\\/\\\/pcdobra.cz\\\/\"},{\"@type\":\"ListItem\",\"position\":2,\"name\":\"vzdalena-podpora\"}]},{\"@type\":\"WebSite\",\"@id\":\"https:\\\/\\\/pcdobra.cz\\\/#website\",\"url\":\"https:\\\/\\\/pcdobra.cz\\\/\",\"name\":\"Servis po\u010d\u00edta\u010d\u016f a notebook\u016f\",\"description\":\"Ing. Radim B\u00fcrger\",\"publisher\":{\"@id\":\"https:\\\/\\\/pcdobra.cz\\\/#\\\/schema\\\/person\\\/7238c0a9b66c801a9211e312dfc0f87d\"},\"alternateName\":\"Oprava po\u010d\u00edta\u010d\u016f\",\"potentialAction\":[{\"@type\":\"SearchAction\",\"target\":{\"@type\":\"EntryPoint\",\"urlTemplate\":\"https:\\\/\\\/pcdobra.cz\\\/?s={search_term_string}\"},\"query-input\":{\"@type\":\"PropertyValueSpecification\",\"valueRequired\":true,\"valueName\":\"search_term_string\"}}],\"inLanguage\":\"cs\"},{\"@type\":[\"Person\",\"Organization\"],\"@id\":\"https:\\\/\\\/pcdobra.cz\\\/#\\\/schema\\\/person\\\/7238c0a9b66c801a9211e312dfc0f87d\",\"name\":\"Radim B\u00fcrger\",\"image\":{\"@type\":\"ImageObject\",\"inLanguage\":\"cs\",\"@id\":\"https:\\\/\\\/pcdobra.cz\\\/wp-content\\\/uploads\\\/2024\\\/01\\\/web_logo2.png\",\"url\":\"https:\\\/\\\/pcdobra.cz\\\/wp-content\\\/uploads\\\/2024\\\/01\\\/web_logo2.png\",\"contentUrl\":\"https:\\\/\\\/pcdobra.cz\\\/wp-content\\\/uploads\\\/2024\\\/01\\\/web_logo2.png\",\"width\":292,\"height\":56,\"caption\":\"Radim B\u00fcrger\"},\"logo\":{\"@id\":\"https:\\\/\\\/pcdobra.cz\\\/wp-content\\\/uploads\\\/2024\\\/01\\\/web_logo2.png\"},\"sameAs\":[\"https:\\\/\\\/pcdobra.cz\"],\"publishingPrinciples\":\"https:\\\/\\\/pcdobra.cz\\\/\",\"ownershipFundingInfo\":\"https:\\\/\\\/pcdobra.cz\\\/index.php\\\/cenik-sluzeb\\\/\",\"actionableFeedbackPolicy\":\"https:\\\/\\\/pcdobra.cz\\\/index.php\\\/kontakt\\\/\"}]}<\/script>\n<!-- \/ Yoast SEO Premium plugin. -->","yoast_head_json":{"title":"vzdalena-podpora | Servis po\u010d\u00edta\u010d\u016f a notebook\u016f","robots":{"index":"index","follow":"follow","max-snippet":"max-snippet:-1","max-image-preview":"max-image-preview:large","max-video-preview":"max-video-preview:-1"},"canonical":"https:\/\/pcdobra.cz\/index.php\/vzdalena-podpora\/","og_locale":"cs_CZ","og_type":"article","og_title":"vzdalena-podpora","og_description":"Vzd\u00e1len\u00e1 pomoc N\u011bkter\u00e9 probl\u00e9my lze vy\u0159e\u0161it i na d\u00e1lku pomoc\u00ed TS Plus. Abychom V\u00e1m mohli poskytnou pomoc na d\u00e1lku, je pot\u0159eba si nejprve st\u00e1hnout program Team Viewer. Po sta\u017een\u00ed programu ...","og_url":"https:\/\/pcdobra.cz\/index.php\/vzdalena-podpora\/","og_site_name":"Servis po\u010d\u00edta\u010d\u016f a notebook\u016f","article_modified_time":"2026-03-08T09:09:10+00:00","og_image":[{"width":651,"height":334,"url":"https:\/\/pcdobra.cz\/wp-content\/uploads\/2023\/11\/team_download.png","type":"image\/png"}],"twitter_card":"summary_large_image","twitter_misc":{"Odhadovan\u00e1 doba \u010dten\u00ed":"2 minuty"},"schema":{"@context":"https:\/\/schema.org","@graph":[{"@type":"WebPage","@id":"https:\/\/pcdobra.cz\/index.php\/vzdalena-podpora\/","url":"https:\/\/pcdobra.cz\/index.php\/vzdalena-podpora\/","name":"vzdalena-podpora | Servis po\u010d\u00edta\u010d\u016f a notebook\u016f","isPartOf":{"@id":"https:\/\/pcdobra.cz\/#website"},"primaryImageOfPage":{"@id":"https:\/\/pcdobra.cz\/index.php\/vzdalena-podpora\/#primaryimage"},"image":{"@id":"https:\/\/pcdobra.cz\/index.php\/vzdalena-podpora\/#primaryimage"},"thumbnailUrl":"https:\/\/pcdobra.cz\/wp-content\/uploads\/2023\/11\/team_download.png","datePublished":"2023-11-25T19:01:31+00:00","dateModified":"2026-03-08T09:09:10+00:00","breadcrumb":{"@id":"https:\/\/pcdobra.cz\/index.php\/vzdalena-podpora\/#breadcrumb"},"inLanguage":"cs","potentialAction":[{"@type":"ReadAction","target":["https:\/\/pcdobra.cz\/index.php\/vzdalena-podpora\/"]}]},{"@type":"ImageObject","inLanguage":"cs","@id":"https:\/\/pcdobra.cz\/index.php\/vzdalena-podpora\/#primaryimage","url":"https:\/\/pcdobra.cz\/wp-content\/uploads\/2023\/11\/team_download.png","contentUrl":"https:\/\/pcdobra.cz\/wp-content\/uploads\/2023\/11\/team_download.png","width":651,"height":334,"caption":"Sta\u017een\u00ed aplikace TeamViewer"},{"@type":"BreadcrumbList","@id":"https:\/\/pcdobra.cz\/index.php\/vzdalena-podpora\/#breadcrumb","itemListElement":[{"@type":"ListItem","position":1,"name":"Dom\u016f","item":"https:\/\/pcdobra.cz\/"},{"@type":"ListItem","position":2,"name":"vzdalena-podpora"}]},{"@type":"WebSite","@id":"https:\/\/pcdobra.cz\/#website","url":"https:\/\/pcdobra.cz\/","name":"Servis po\u010d\u00edta\u010d\u016f a notebook\u016f","description":"Ing. Radim B\u00fcrger","publisher":{"@id":"https:\/\/pcdobra.cz\/#\/schema\/person\/7238c0a9b66c801a9211e312dfc0f87d"},"alternateName":"Oprava po\u010d\u00edta\u010d\u016f","potentialAction":[{"@type":"SearchAction","target":{"@type":"EntryPoint","urlTemplate":"https:\/\/pcdobra.cz\/?s={search_term_string}"},"query-input":{"@type":"PropertyValueSpecification","valueRequired":true,"valueName":"search_term_string"}}],"inLanguage":"cs"},{"@type":["Person","Organization"],"@id":"https:\/\/pcdobra.cz\/#\/schema\/person\/7238c0a9b66c801a9211e312dfc0f87d","name":"Radim B\u00fcrger","image":{"@type":"ImageObject","inLanguage":"cs","@id":"https:\/\/pcdobra.cz\/wp-content\/uploads\/2024\/01\/web_logo2.png","url":"https:\/\/pcdobra.cz\/wp-content\/uploads\/2024\/01\/web_logo2.png","contentUrl":"https:\/\/pcdobra.cz\/wp-content\/uploads\/2024\/01\/web_logo2.png","width":292,"height":56,"caption":"Radim B\u00fcrger"},"logo":{"@id":"https:\/\/pcdobra.cz\/wp-content\/uploads\/2024\/01\/web_logo2.png"},"sameAs":["https:\/\/pcdobra.cz"],"publishingPrinciples":"https:\/\/pcdobra.cz\/","ownershipFundingInfo":"https:\/\/pcdobra.cz\/index.php\/cenik-sluzeb\/","actionableFeedbackPolicy":"https:\/\/pcdobra.cz\/index.php\/kontakt\/"}]}},"_links":{"self":[{"href":"https:\/\/pcdobra.cz\/index.php\/wp-json\/wp\/v2\/pages\/374","targetHints":{"allow":["GET"]}}],"collection":[{"href":"https:\/\/pcdobra.cz\/index.php\/wp-json\/wp\/v2\/pages"}],"about":[{"href":"https:\/\/pcdobra.cz\/index.php\/wp-json\/wp\/v2\/types\/page"}],"author":[{"embeddable":true,"href":"https:\/\/pcdobra.cz\/index.php\/wp-json\/wp\/v2\/users\/1"}],"replies":[{"embeddable":true,"href":"https:\/\/pcdobra.cz\/index.php\/wp-json\/wp\/v2\/comments?post=374"}],"version-history":[{"count":25,"href":"https:\/\/pcdobra.cz\/index.php\/wp-json\/wp\/v2\/pages\/374\/revisions"}],"predecessor-version":[{"id":801,"href":"https:\/\/pcdobra.cz\/index.php\/wp-json\/wp\/v2\/pages\/374\/revisions\/801"}],"wp:attachment":[{"href":"https:\/\/pcdobra.cz\/index.php\/wp-json\/wp\/v2\/media?parent=374"}],"curies":[{"name":"wp","href":"https:\/\/api.w.org\/{rel}","templated":true}]}}